when 247 is divided by 32.
23
Calculate the remainder when 798 is divided by 40.
38
Calculate the remainder when 76 is divided by 3.
1
Calculate the remainder when 7 is divided by 1.
0
What is the remainder when 479 is divided by 159?
2
What is the remainder when 2788 is divided by 695?
8
Calculate the remainder when 11 is divided by 6.
5
Calculate the remainder when 971 is divided by 54.
53
Calculate the remainder when 2034 is divided by 673.
15
What is the remainder when 168 is divided by 86?
82
What is the remainder when 748 is divided by 69?
58
What is the remainder when 136 is divided by 23?
21
What is the remainder when 5 is divided by 5?
0
What is the remainder when 827 is divided by 83?
80
What is the remainder when 58 is divided by 16?
10
Calculate the remainder when 787 is divided by 24.
19
What is the remainder when 650 is divided by 163?
161
Calculate the remainder when 34 is divided by 24.
10
What is the remainder when 41 is divided by 2?
1
What is the remainder when 1916 is divided by 10?
6
What is the remainder when 111 is divided by 29?
24
Calculate the remainder when 1662 is divided by 540.
42
Calculate the remainder when 192 is divided by 90.
12
Calculate the remainder when 554 is divided by 198.
158
What is the remainder when 695 is divided by 230?
5
What is the remainder when 62 is divided by 43?
19
What is the remainder when 1497 is divided by 53?
13
Calculate the remainder when 798 is divided by 10.
8
What is the remainder when 107 is divided by 14?
9
Calculate the remainder when 1384 is divided by 384.
232
Calculate the remainder when 374 is divided by 27.
23
What is the remainder when 418 is divided by 14?
12
What is the remainder when 2598 is divided by 200?
198
Calculate the remainder when 556 is divided by 238.
80
Calculate the remainder when 530 is divided by 139.
113
Calculate the remainder when 339 is divided by 31.
29
What is the remainder when 3958 is divided by 247?
6
What is the remainder when 214 is divided by 133?
81
What is the remainder when 131 is divided by 22?
21
What is the remainder when 176 is divided by 16?
0
Calculate the remainder when 465 is divided by 94.
89
Calculate the remainder when 340 is divided by 3.
1
What is the remainder when 519 is divided by 163?
30
What is the remainder when 4511 is divided by 37?
34
Calculate the remainder when 185 is divided by 63.
59
What is the remainder when 142 is divided by 63?
16
What is the remainder when 7005 is divided by 146?
143
What is the remainder when 435 is divided by 95?
55
What is the remainder when 374 is divided by 27?
23
What is the remainder when 12825 is divided by 106?
105
What is the remainder when 3945 is divided by 14?
11
What is the remainder when 84 is divided by 10?
4
Calculate the remainder when 14654 is divided by 15.
14
What is the remainder when 623 is divided by 203?
14
What is the remainder when 423 is divided by 100?
23
Calculate the remainder when 353 is divided by 178.
175
What is the remainder when 620 is divided by 7?
4
Calculate the remainder when 2689 is divided by 9.
7
Calculate the remainder when 61 is divided by 40.
21
Calculate the remainder when 69 is divided by 27.
15
Calculate the remainder when 7125 is divided by 33.
30
Calculate the remainder when 388 is divided by 49.
45
Calculate the remainder when 50 is divided by 48.
2
What is the remainder when 1196 is divided by 57?
56
Calculate the remainder when 377 is divided by 21.
20
What is the remainder when 1469 is divided by 42?
41
Calculate the remainder when 1571 is divided by 121.
119
What is the remainder when 1600 is divided by 399?
4
Calculate the remainder when 21 is divided by 9.
3
Calculate the remainder when 927 is divided by 216.
63
Calculate the remainder when 789 is divided by 2.
1
Calculate the remainder when 852 is divided by 106.
4
Calculate the remainder when 3285 is divided by 117.
9
What is the remainder when 107 is divided by 18?
17
Calculate the remainder when 865 is divided by 31.
28
What is the remainder when 293 is divided by 42?
41
What is the remainder when 1249 is divided by 33?
28
What is the remainder when 293 is divided by 99?
95
Calculate the remainder when 440 is divided by 110.
0
Calculate the remainder when 303 is divided by 34.
31
Calculate the remainder when 290 is divided by 100.
90
What is the remainder when 726 is divided by 237?
15
Calculate the remainder when 6558 is divided by 81.
78
Calculate the remainder when 700 is divided by 84.
28
What is the remainder when 479 is divided by 20?
19
Calculate the remainder when 151 is divided by 26.
21
What is the remainder when 2802 is divided by 97?
86
Calculate the remainder when 175 is divided by 61.
53
Calculate the remainder when 583 is divided by 143.
11
Calculate the remainder when 655 is divided by 22.
17
Calculate the remainder when 723 is divided by 359.
5
Calculate the remainder when 38139 is divided by 39.
36
What is the remainder when 138 is divided by 52?
34
Calculate the remainder when 61 is divided by 1.
0
Calculate the remainder when 1142 is divided by 22.
20
What is the remainder when 2873 is divided by 716?
9
What is the remainder when 81 is divided by 22?
15
What is the remainder when 377 is divided by 20?
17
What is the remainder when 293 is divided by 237?
56
Calculate the remainder when 2445 is divided by 6.
3
What is the remainder when 328 is divided by 82?
0
What is the remainder when 507 is divided by 6?
3
What is the remainder when 27166 is divided by 8?
6
Calculate the remainder when 388 is divided by 122.
22
What is the remainder when 240 is divided by 27?
24
What is the remainder when 937 is divided by 114?
25
What is the remainder when 2785 is divided by 34?
31
What is the remainder when 75 is divided by 42?
33
Calculate the remainder when 106 is divided by 12.
10
Calculate the remainder when 186 is divided by 93.
0
What is the remainder when 837 is divided by 50?
37
What is the remainder when 486 is divided by 32?
6
Calculate the remainder when 20 is divided by 4.
0
What is the remainder when 1238 is divided by 27?
23
What is the remainder when 3050 is divided by 43?
40
What is the remainder when 224 is divided by 51?
20
What is the remainder when 1038 is divided by 341?
15
Calculate the remainder when 32 is divided by 3.
2
What is the remainder when 1906 is divided by 627?
25
What is the remainder when 60 is divided by 32?
28
What is the remainder when 152 is divided by 35?
12
What is the remainder when 188 is divided by 68?
52
What is the remainder when 983 is divided by 32?
23
Calculate the remainder when 278 is divided by 131.
16
What is the remainder when 921 is divided by 94?
75
What is the remainder when 2151 is divided by 43?
1
What is the remainder when 3940 is divided by 1312?
4
Calculate the remainder when 781 is divided by 27.
25
Calculate the remainder when 991 is divided by 493.
5
What is the remainder when 69 is divided by 14?
13
What is the remainder when 446 is divided by 32?
30
Calculate the remainder when 170 is divided by 12.
2
Calculate the remainder when 1115 is divided by 45.
35
What is the remainder when 3437 is divided by 181?
179
What is the remainder when 733 is divided by 15?
13
Calculate the remainder when 499 is divided by 23.
16
What is the remainder when 275 is divided by 97?
81
Calculate the remainder when 81 is divided by 17.
13
Calculate the remainder when 32 is divided by 6.
2
Calculate the remainder when 47 is divided by 5.
2
Calculate the remainder when 2835 is divided by 178.
165
What is the remainder when 123 is divided by 45?
33
What is the remainder when 390 is divided by 24?
6
Calculate the remainder when 2777 is divided by 1388.
1
What is the remainder when 76 is divided by 37?
2
Calculate the remainder when 836 is divided by 37.
22
What is the remainder when 264 is divided by 30?
24
What is the remainder when 2458 is divided by 2451?
7
Calculate the remainder when 80 is divided by 37.
6
Calculate the remainder when 210 is divided by 58.
36
What is the remainder when 22 is divided by 14?
8
Calculate the remainder when 339 is divided by 86.
81
What is the remainder when 744 is divided by 48?
24
What is the remainder when 4836 is divided by 110?
106
Calculate the remainder when 213 is divided by 56.
45
Calc